{"id":2197,"date":"2024-08-23T08:14:48","date_gmt":"2024-08-23T06:14:48","guid":{"rendered":"https:\/\/www.hansajolle.de\/?page_id=2197"},"modified":"2024-08-27T12:08:52","modified_gmt":"2024-08-27T10:08:52","slug":"jahreshefte","status":"publish","type":"page","link":"https:\/\/www.hansajolle.de\/?page_id=2197","title":{"rendered":"Jahreshefte"},"content":{"rendered":"\n<p class=\"wp-block-paragraph\">Seit 1974 wurden von der Klassenvereinigung in jedem Jahr Mitteilungen und sp\u00e4ter Jahreshefte erstellt und an die Mitglieder verschickt. Aktuelle Entwicklungen der Klasse, T\u00f6rnberichte, technische Informationen und Beschl\u00fcsse der Mitgliederversammlung sind darin dokumentiert und erm\u00f6glichen einen Einblick in die Ver\u00e4nderungen im Laufe der Zeit.<\/p>\n\n\n\n<p class=\"wp-block-paragraph\">Der 1. Vorsitzende Klaus K\u00f6ster hat die vorhandenen Hefte digitalisiert und so aufgearbeitet, dass sie nun einsehbar sind. Die Hefte sind im pdf-Format in unserem Archiv nach Jahrgang sortiert gespeichert und k\u00f6nnen unter dem folgenden Link eingesehen oder auf dem eigenen Rechner gespeichert werden.<\/p>\n\n\n\n<p class=\"wp-block-paragraph\">Sollten zu Hause \u00fcber den hier vorhandenen Bestand hinaus Ver\u00f6ffentlichungen der Klassenvereinigung vorhanden sein, w\u00fcrden wir uns \u00fcber eine Zusendung oder Nachricht an die <a href=\"mailto: praesident@hansajolle.de\">Mail<\/a> der Klassenvereinigung freuen.<\/p>\n\n\n\n<p class=\"wp-block-paragraph\">Viel Spa\u00df beim St\u00f6bern!<\/p>\n\n\n\n<p class=\"wp-block-paragraph\"><a href=\"https:\/\/nextcloud.hansajolle.de\/index.php\/s\/AqRY7ETE76mAWNi\">Archiv Jahreshefte<\/a><\/p>\n","protected":false},"excerpt":{"rendered":"<p>Seit 1974 wurden von der Klassenvereinigung in jedem Jahr Mitteilungen und sp\u00e4ter Jahreshefte erstellt und an die Mitglieder verschickt. Aktuelle Entwicklungen der Klasse, T\u00f6rnberichte, technische Informationen und Beschl\u00fcsse der Mitgliederversammlung sind darin dokumentiert und erm\u00f6glichen einen Einblick in die Ver\u00e4nderungen im Laufe der Zeit. Der 1. Vorsitzende Klaus K\u00f6ster hat die vorhandenen Hefte digitalisiert und so aufgearbeitet, dass sie nun einsehbar sind. Die Hefte sind im pdf-Format in unserem Archiv nach Jahrgang sortiert gespeichert und k\u00f6nnen unter dem folgenden Link eingesehen oder auf dem eigenen Rechner gespeichert werden. Sollten zu Hause \u00fcber den hier vorhandenen Bestand hinaus Ver\u00f6ffentlichungen der Klassenvereinigung vorhanden sein, w\u00fcrden wir uns \u00fcber eine Zusendung oder Nachricht an die Mail der Klassenvereinigung freuen. Viel Spa\u00df beim St\u00f6bern! Archiv Jahreshefte<\/p>\n","protected":false},"author":2,"featured_media":2202,"parent":75,"menu_order":0,"comment_status":"closed","ping_status":"closed","template":"","meta":{"_crdt_document":"","footnotes":""},"class_list":["post-2197","page","type-page","status-publish","has-post-thumbnail","hentry"],"acf":[],"_links":{"self":[{"href":"https:\/\/www.hansajolle.de\/index.php?rest_route=\/wp\/v2\/pages\/2197","targetHints":{"allow":["GET"]}}],"collection":[{"href":"https:\/\/www.hansajolle.de\/index.php?rest_route=\/wp\/v2\/pages"}],"about":[{"href":"https:\/\/www.hansajolle.de\/index.php?rest_route=\/wp\/v2\/types\/page"}],"author":[{"embeddable":true,"href":"https:\/\/www.hansajolle.de\/index.php?rest_route=\/wp\/v2\/users\/2"}],"replies":[{"embeddable":true,"href":"https:\/\/www.hansajolle.de\/index.php?rest_route=%2Fwp%2Fv2%2Fcomments&post=2197"}],"version-history":[{"count":7,"href":"https:\/\/www.hansajolle.de\/index.php?rest_route=\/wp\/v2\/pages\/2197\/revisions"}],"predecessor-version":[{"id":2223,"href":"https:\/\/www.hansajolle.de\/index.php?rest_route=\/wp\/v2\/pages\/2197\/revisions\/2223"}],"up":[{"embeddable":true,"href":"https:\/\/www.hansajolle.de\/index.php?rest_route=\/wp\/v2\/pages\/75"}],"wp:featuredmedia":[{"embeddable":true,"href":"https:\/\/www.hansajolle.de\/index.php?rest_route=\/wp\/v2\/media\/2202"}],"wp:attachment":[{"href":"https:\/\/www.hansajolle.de\/index.php?rest_route=%2Fwp%2Fv2%2Fmedia&parent=2197"}],"curies":[{"name":"wp","href":"https:\/\/api.w.org\/{rel}","templated":true}]}}